0 = 2*m - 0*m. Let j = -13 - m. Calculate the remainder when 53 is divided by j.
26
Let t(l) = -l - 8. Suppose -2*a + 5 = 27. Let p be t(a). Suppose 4 = p*s + 4*d - 2, 3*s - 15 = -d. What is the remainder when s is divided by 2?
0
Let o = 8 - -1. Let w be (-12)/o*(-1 - 23). Suppose -5*n = -102 + w. What is the remainder when 26 is divided by n?
12
Let a = 14 - 12. Let m be (5 - -1)*(-1)/(-1). Let b = m - 4. What is the remainder when a is divided by b?
0
Suppose 4*p + 16 = 2*v, 4 = -p - p. Calculate the remainder when 25 is divided by 3 + 40/(v/1).
12
Suppose y = -5*g + 33, g - 17 = 3*y + 2*y. Let z = 53 + -49. What is the remainder when g is divided by z?
3
Suppose -3*i + 6*i = 327. What is the remainder when i is divided by 37?
35
Suppose -3*v - 3*y - 28 = -97, 3*v - y - 61 = 0. Suppose -2*a + 9 = -v. What is the remainder when 27 is divided by a?
12
Let b(x) = 0*x - 3*x**2 + 0*x + x - x**2. Let a be b(-1). What is the remainder when 59 is divided by (-1)/a - 693/(-35)?
19
Let a be (-6)/21 + (-37)/(-7). Suppose -h + 65 = a*t + 19, 5*h - 100 = t. What is the remainder when 40 is divided by h?
19
Let j = 10 + 9. Let i(x) = -x**2 - 6*x - 1. Suppose -16 = 4*y - s + 3*s, 12 = -3*y - 5*s. Calculate the remainder when j is divided by i(y).
5
Let f(b) = b**2 + 7*b + 3. Let p be f(-6). Calculate the remainder when 17 is divided by 0 - (-12 - p - 1).
7
Suppose -7*i = -3*i - 284. Calculate the remainder when i is divided by 12.
11
Suppose f - 40 = -f. What is the remainder when 57 is divided by f?
17
Suppose -4*f + 8 = -4. Suppose 4*v - 9 - 27 = 0. What is the remainder when v is divided by f?
0
Let f(p) = -p + 22. Calculate the remainder when 10 is divided by f(16).
4
Calculate the remainder when 30 is divided by (8/12)/((-4)/(-48)).
6
Let j(t) = 2*t**2 + 3*t - 2. Let m be j(-4). Let l = 10 - -2. What is the remainder when 1230/54 + 4/m is divided by l?
11
Let k = 5 - 2. Suppose -k*m = -0*m - 123. Calculate the remainder when m is divided by 11.
8
Let d(g) = -g**3 + 3*g**2 + 6*g - 2. Let y be d(4). Let f = y + -3. What is the remainder when f is divided by 2?
1
Let n = -2 - -8. Suppose -4*k = -4*r - 22 - 10, 5*k + 32 = -r. Let t = r + 23. Calculate the remainder when t is divided by n.
5
Let o(r) = r**3 - r - 3. Let v be o(-3). Let q = 44 + v. What is the remainder when 33 is divided by q?
16
What is the remainder when 58 is divided by 19 + (5 - (1 + 3))?
18
Suppose 2*c - 18 - 9 = 3*k, 0 = 5*k + 4*c + 45. Let v = k + 17. Calculate the remainder when 22 is divided by v.
6
Suppose -10 = 5*q + s - 0, 5*q + 3*s + 10 = 0. Suppose -49 = -4*r - 17. Calculate the remainder when 0 + q - (-17)/1 is divided by r.
7
Let x(a) = 15*a**2 - a - 1. Suppose 0*k = -4*k - 52. Let i = k - -21. Calculate the remainder when x(-1) is divided by i.
7
Let l(j) = j**2 + 8*j + 34. What is the remainder when l(-9) is divided by 11?
10
Let s = 75 - 32. Calculate the remainder when s is divided by 11.
10
Let y = 53 - 35. Let i = -39 - -177. Let a = i - 86. What is the remainder when a is divided by y?
16
Let l(w) = w**2 - 8*w + 4. Let r be l(8). Suppose -4*c + 19 = y, 0*y = -r*y + 4*c - 24. Let f = y - -12. Calculate the remainder when 20 is divided by f.
9
Let u(v) = v**2 + 6*v - 4. Let l be u(-8). Suppose -l*f + 8*f = -252. Calculate the remainder when f is divided by 11.
8
What is the remainder when 33/24*-6*16/(-12) is divided by 2/2 - -5 - -1?
4
Let n(g) = -11*g. What is the remainder when n(-3) is divided by 9?
6
Let c(a) = a**2 - 3*a - 7. Let o be c(5). Let i = o + -15. Let y = 21 + i. Calculate the remainder when 26 is divided by y.
8
Let c(n) = -3*n - 26. Suppose 0*b = -5*b + 115. What is the remainder when b is divided by c(-13)?
10
Suppose 12 = 4*p - 2*k, -5*p + 1 = 4*k - 3*k. Let l(y) = 0 + 28*y + 2 - 1. What is the remainder when l(p) is divided by 10?
9
Let r(i) = -i**2 - 12*i - 14. What is the remainder when 50 is divided by r(-4)?
14
Let q(a) = -3*a + 5. What is the remainder when (-6)/21 - (-760)/14 is divided by q(-3)?
12
Let b(y) = y**3 - 7*y**2 + 6*y + 3. Let p be b(6). Let l be (-6)/(-10) + p/(-5). What is the remainder when 5 is divided by l - -1 - (-8)/4?
2
Suppose -78 = -2*b + 38. Suppose 2*o + b = 5*c, -3*c + 32 + 18 = -5*o. What is the remainder when c is divided by 4?
2
Let q be (1 + -2)/((-1)/3). Suppose 2 = -q*u + 3*t - 1, 0 = -3*u - 5*t + 29. Let i(o) = -9*o + 17. What is the remainder when i(1) is divided by u?
2
Let p = 15 + -8. Suppose -54 = 4*t - p*t. Suppose -2*o + 22 = 2. Calculate the remainder when t is divided by o.
8
Suppose 3 = 2*t + t. Suppose y - 5*z = t, -z = 1 - 4. What is the remainder when y is divided by 3 + -2 + 0 - -8?
7
Let i be (7 + -1 + 1)*-3. Calculate the remainder when i/(-4) - (-2)/(-8) is divided by 2.
1
Let u(l) = -7*l - 4. What is the remainder when u(-3) is divided by (-106)/(-12) + (-9)/(-54)?
8
Let b = -132 - -209. Calculate the remainder when b is divided by 13.
12
Suppose w = 4 + 8. What is the remainder when 33 is divided by w?
9
Suppose 2*s - 1 - 5 = 0. Suppose 8*f = 3*f + 20. What is the remainder when f is divided by s?
1
Let m be 4*(-2)/4 + 5. Suppose k = -f + 4*f - 6, 5*f - 38 = -m*k. Calculate the remainder when k is divided by 2.
0
Suppose 6*t - 5*t - 19 = 0. What is the remainder when 35 is divided by t?
16
Let n(t) = -19*t + 1. Let c = -31 - -38. Calculate the remainder when n(-1) is divided by c.
6
Calculate the remainder when 38 is divided by (88/4 - 2/2)*1.
17
Suppose f + 7*l = 4*l + 6, -6 = -3*f - 3*l. Suppose 0 = g - f*g - 10. What is the remainder when 17 is divided by g?
7
Let y(x) = 12*x - 2. Calculate the remainder when y(3) is divided by 9.
7
Let b be 0 + (-152)/(-12)*-3. Let a = b + 64. Calculate the remainder when a is divided by 15.
11
Suppose 4*q - 24 - 112 = 0. What is the remainder when q is divided by 9?
7
Let a = 11 - 7. Suppose -16 = -4*l + v + 27, -a*l + 63 = 3*v. Let j(k) = 12*k - 2. What is the remainder when j(3) is divided by l?
10
Calculate the remainder when (-4 + (-42)/5)*-5 is divided by 21.
20
Suppose -2*x + 4 = -x. Suppose 0*u - 3*u + l = -15, -26 = -5*u + 2*l. What is the remainder when x is divided by u?
0
Suppose 0 = -4*z + 70 + 6. Suppose 0 = 2*m - 23 - z. What is the remainder when 6/(-4)*2 + 43 is divided by m?
19
Let p(y) = 4*y**2 - 4*y - 2. Let a(f) = -16*f**3 + f**2 + f. What is the remainder when p(-3) is divided by a(-1)?
14
Suppose s - 2*s = -2*y - 5, -3*s = -5*y - 17. Calculate the remainder when 16 is divided by s.
7
Let a = -17 - -25. Let d(m) = 2*m**3 - 4*m**2 + 2*m - 3. What is the remainder when d(3) is divided by a?
5
Let u = 28 + -14. What is the remainder when -3*13*4/(-6) is divided by u?
12
Let v(t) = t**3 + 13*t**2 - 17*t - 23. Calculate the remainder when v(-14) is divided by 12.
7
Let k(w) = w**2 - 8. Let r = -3 + 3. Suppose -2*y + 1 + 7 = -2*i, -5*y + 3*i + 26 = r. What is the remainder when k(y) is divided by 14?
13
Suppose -2*y = 3*u - 22, 4*y + u = -y + 29. Suppose -w = -62 + 48. What is the remainder when (3 - y)*25/(-2) is divided by w?
11
Suppose -4*b + 56 = -4*q, -4*b = -2*q - 0*b - 36. Let i = q - -14. Suppose i*j = -3*z + 69, 3*j = j. What is the remainder when z is divided by 6?
5
Let n(s) = 3*s**2 - s - 1. Let u be n(2). Suppose -4*t = u - 1. Let v = 12 + t. Calculate the remainder when 19 is divided by v.
9
Let u(g) = g**2 - 7*g + 8. Let w be u(6). Suppose 0 = w*t - 2. Calculate the remainder when 2 is divided by t.
0
Suppose 0 = -2*o - 10 + 4, -4*j + o = -11. What is the remainder when j is divided by ((-4)/(-8))/((-2)/(-4))?
0
Suppose u = -4*m + 116, -50 = 2*m - 3*m + 5*u. Calculate the remainder when m is divided by 11.
8
Let z be (42/5)/(-3)*-5. Calculate the remainder when (7/(-14))/((-1)/z) is divided by 3.
1
Let w(y) = -y. Let j(o) = -9*o + 5. Let i(b) = -j(b) + 6*w(b). Let l = -33 - -64. What is the remainder when l is divided by i(7)?
15
Suppose -401 = -2*z - 3*b - 115, b = 2. What is the remainder when -1 - (z/(-4) - 4) is divided by 13?
12
Let x be 1 + (-4)/2 + 0. What is the remainder when ((-10)/5)/(x/6) is divided by (25 - 0)/5 + 0?
2
Let p(b) = b**2 + 5*b + 3. Let k be p(-4). Let f = k + 4. Suppose 0 = -5*g + f*i + 114, -i + 0*i = -3*g + 66. Calculate the remainder when 40 is divided by g.
19
Suppose -224 = -4*d - 3*m, -